 Calculate the remainder when g(0) is divided by v.
12
Let v be 1*((3 - 1) + -13). Let w = v - -22. Suppose 5*b = 110 - 5. What is the remainder when b is divided by w?
10
Suppose -2*l - 5*d = -44, -3*d + 8 = d. Calculate the remainder when l is divided by 57 - 49 - ((-2)/2)/1.
8
Suppose -4*i + 234 - 90 = 0. Suppose 4*b - 5*k - 269 = 0, 2*k = -2*b + 35 + 113. What is the remainder when b is divided by i?
35
Let z(o) = 2*o - 2. Let t be z(4). Suppose -t - 3 = -2*c - 5*b, c + 4*b = 0. Let s = 76 - 42. What is the remainder when s is divided by c?
10
Let a = 27 - -20. Suppose -a = -5*o + 18. What is the remainder when 36 is divided by o?
10
Suppose 0 = 2*s + 2*s - 12. Suppose 2*r + o + s = 0, 5*o + 12 = 5*r + o. Let y(v) = -v**3 - v + 7. Calculate the remainder when y(r) is divided by 4.
3
Let v = 140 - 58. What is the remainder when -4 + v - (0 + 0) is divided by 20?
18
Let n = 2 - 2. Suppose n*a - 4*a = -20. Calculate the remainder when (2 + (-12)/(-10))*a is divided by 6.
4
Suppose 0 = r - 2. Suppose -b + r*q = -13, -3*b - 3*q - 100 = -8*b. Calculate the remainder when 67 is divided by b.
21
Let g(c) = 6*c**2 + 3*c + 2. What is the remainder when 79 is divided by g(-2)?
19
Suppose 0 = 2*q - 0*w - 2*w - 2, -2*w - 8 = 0. Suppose 3*a + 12 = 7*a. What is the remainder when 159/15 - q/(-5) is divided by a?
1
Suppose 3*l - 3*p - 99 = -p, -167 = -5*l + 4*p. Suppose 0 = -f, 5*f - 2*f - 60 = -3*z. Let j = -9 + z. Calculate the remainder when l is divided by j.
9
Let w = -105 - -114. Calculate the remainder when w is divided by 6.
3
Suppose -2*y + 43 = 2*x - 47, -2*y = 0. Suppose -5*o + x = 4*g, 2 = -3*g + 2*o + 53. What is the remainder when 57 is divided by g?
12
Suppose -3*u + 49 = 13. Suppose -26 - 10 = -2*g + 2*w, -g = 5*w + u. What is the remainder when g is divided by 8?
5
Let j be (36/45)/((-2)/(-5)). Suppose -20 = -4*r - 2*a, -r + 5 = -0*r + j*a. Let p(l) = -2*l - 1. Calculate the remainder when p(-5) is divided by r.
4
Suppose 0 = -6*q + 7*q - 9. Calculate the remainder when q is divided by 3.
0
Let d = 29 - 19. What is the remainder when 37 is divided by d?
7
Let y(c) = c**3 + 3*c**2 - 5*c + 2. Let z = 440 + -431. What is the remainder when z is divided by y(-4)?
3
Calculate the remainder when 137 is divided by 2/7 - 1701/98*-2.
32
Let y = 17 - 12. Let x(p) = p - 2. Calculate the remainder when 5 is divided by x(y).
2
Suppose 2*d - 9 = -i + 4*d, 0 = 5*i - d - 27. Suppose 23 + 17 = 2*b + 2*k, i*b - 82 = k. What is the remainder when 66 is divided by b?
15
Suppose 30 = 4*w - w. Calculate the remainder when w is divided by 3.
1
Calculate the remainder when 47 is divided by 0 - -16 - (-6 - -10).
11
Let s = 23 + -17. What is the remainder when 17 is divided by s?
5
Let x = 52 - 38. What is the remainder when 25*1 + (-2 - -3) is divided by x?
12
Let z(y) = y. Suppose 2*i = 4*u, 3*i + 20 = 2*u - 0. Let r = i - -15. Calculate the remainder when z(8) is divided by r.
3
Let w = 76 - 50. What is the remainder when w is divided by 14?
12
Let w(i) = -i - 2. Let h(p) = -5*p - 1. Let n be h(1). What is the remainder when 5 is divided by w(n)?
1
Suppose -i - 12*i = -806. Calculate the remainder when i is divided by 25.
12
Let u(d) = 2*d**2 - 6*d + 3. Let c = 3 + -3. Suppose 6 = -c*n + n. Calculate the remainder when u(4) is divided by n.
5
Let t = 1 + 2. Let j be 16/2*1 + 3. What is the remainder when (j/(-2) - t)*-2 is divided by 9?
8
Suppose 4*r = 13*r - 387. What is the remainder when 140 is divided by r?
11
Suppose 4*m + 0*k - k + 14 = 0, 5*m + 3*k = -26. Let n(j) = -19*j - 1. Calculate the remainder when n(m) is divided by 13.
10
Suppose l + 132 = 5*l. What is the remainder when l is divided by 9?
6
Let t be (-26)/(-2)*6 + 2. Suppose -5*d + 0*h + t = -2*h, 4*d + 4*h - 64 = 0. Calculate the remainder when 45 is divided by d.
13
Suppose -10 = 5*x, -3*y + 27 - 6 = -3*x. Suppose 5*s = 4*m - 9*m + 150, -s + 158 = 5*m. Suppose -n = -y*n + m. What is the remainder when n is divided by 3?
2
Let i be -3 + (3 - (-66 - -1)). Suppose -g + 98 = 3*a + 2, -2*a = g - i. Calculate the remainder when a is divided by 8.
7
Let q(h) = h. Let d be q(4). Suppose v + 3 = 4*w, d*v - 4*w - 26 = -2. Calculate the remainder when 17 is divided by v.
8
Suppose f - 12 = -3*f. Suppose -c = -f - 0. What is the remainder when 88/12*c/2 is divided by 4?
3
Suppose -3*j + 5*j - 63 = -3*f, 3*f - 5*j - 84 = 0. What is the remainder when f is divided by 8?
7
Suppose 0 = f - 10 + 3. Suppose -5*u - 5*h + 8 = -f, 2*h = 2*u - 6. What is the remainder when 10 is divided by u?
1
Let s(t) = 11*t - 8. Calculate the remainder when s(4) is divided by 14.
8
Suppose 0 = -4*m + 2*u - 4*u + 14, -4*m = 3*u - 9. Calculate the remainder when m is divided by 3.
0
Suppose -4*o - 20 = -84. Let d = -45 + 74. Calculate the remainder when d + -3*(-3)/9 is divided by o.
14
Let t = -6 - -9. Suppose -y - 2 = z - 4, t*z - 4*y + 1 = 0. What is the remainder when 40 is divided by (0 - -1) + z*13?
12
Suppose 0 = 4*n - 134 - 2. Suppose 0 = -s + 3 + 98. What is the remainder when s is divided by n?
33
Let f(r) = -r**2 - 11*r + 23. Let d = -12 + 44. Calculate the remainder when d is divided by f(-12).
10
What is the remainder when 37 - (-4)/(8/4) is divided by -1 - (-1 - -4)*-7?
19
Let i(v) = -5*v**2 - 5*v + 5. Let f(z) = 4*z**2 + 4*z - 4. Let w(p) = 4*f(p) + 3*i(p). Let y = 1 + -4. Calculate the remainder when 14 is divided by w(y).
4
Suppose -4*y + y = -3. Let o(k) = 13*k**2 - k + 1. What is the remainder when 51 is divided by o(y)?
12
Let h(g) = 7*g + 67. What is the remainder when 98 is divided by h(-6)?
23
Suppose 5*w - 4*r - 30 = 0, -r + 6 = 4*w - 3*w. Let t be ((-1)/3)/(3/(-27)). What is the remainder when 8/(t/18*3) is divided by w?
4
Let o(z) = 20*z**2 - 2*z - 3. Let v(c) = -8*c**3 + 3*c**2 + 3*c + 1. What is the remainder when v(-2) is divided by o(-1)?
14
Let i be 12*1*10/3. Let p = i + -27. What is the remainder when 50 is divided by p?
11
Let w = 14 + -10. Let f(u) = u**3 + 6*u**2 - 5*u - 7. Let c be f(-5). What is the remainder when c/w + 2/8 is divided by 4?
3
Suppose c - 25 = 16. Let h = -19 - -30. Calculate the remainder when c is divided by h.
8
Suppose 3*f + 0*h + 2*h + 7 = 0, 0 = f - 4*h - 21. What is the remainder when 2 is divided by f?
0
Suppose -3*f = -4*f + 6. Let o(s) = -s**2 + 5*s - 4. Let z be o(3). Suppose -5*c + z*c = -48. What is the remainder when c is divided by f?
4
Suppose -2 - 16 = -j. Suppose -7*o + j + 17 = 0. Calculate the remainder when 17 is divided by o.
2
Let j(f) = 9*f + 4. Let h(l) = 5*l + 2. Let z be (-2)/(-2 + (-8)/(-5)). Let n(y) = z*h(y) - 3*j(y). What is the remainder when 5 is divided by n(-2)?
1
Suppose 7*u = 4*u + 21. Let i be 2/(-10) + (-41)/(-5). Suppose -g + i = -11. What is the remainder when g is divided by u?
5
Let f(x) = x**2 + 10*x - 11. Suppose -5*v - 45 = -10. Let o = v + 12. What is the remainder when f(-12) is divided by o?
3
Let y = 16 + 15. Suppose 5*v - 4*u - 148 = 0, 0 = 3*v + 2*u + y - 111. Suppose -v = -2*r + 10. Calculate the remainder when r is divided by 10.
9
Let b = -63 - -154. Calculate the remainder when b is divided by 24.
19
Let y be 1/(-4) + (-180)/(-16). Calculate the remainder when 47 is divided by 2/y + 524/22.
23
Let k = -18 - -22. What is the remainder when (28/(-8) + 2)*-6 is divided by k?
1
Calculate the remainder when 11 is divided by (472/40 - (-2)/10)/2.
5
Suppose 147 = 3*f - 0*f. Let p = f + -8. Calculate the remainder when p is divided by 11.
8
Let f(k) = 3*k**2 - 6*k + 5. Suppose -4 = v - 2*v. What is the remainder when f(v) is divided by 15?
14
Let w be 1 - (2 - 1)*2. What is the remainder when 17 is divided by ((-1)/w)/(1/9)?
8
Let f = 558 - 309. Suppose -f = -n - 2*n. Suppose -3*s + 230 - n = 0. Calculate the remainder when s is divided by 13.
10
Suppose 0 = -3*z - z + 48. Calculate the remainder when 33 is divided by z.
9
Suppose -k = -0*k - 2. What is the remainder when k is divided by 1 + 2 + -3 + 1?
0
Let g = -11 - -11. Let o = 9 - g. Calculate the remainder when 25 is divided by o.
7
Let q be 0 + (-6)/(1*-3). Let s(w) = -1 - 3*w**q - w**2 + 5*w**2 - 2*w. Calculate the remainder when s(4) is divided by 4.
3
Suppose 8*l = 3*l + 15. Suppose 3*n - q - 142 = 0, -l*n + 234 = -4*q + 89. Suppose 5*h - 3*k = 65, 0 = 4*k - 20. Ca